1 + -32) - (-79 - (-48 - 36)).
25
Calculate (8 + 5 - -2) + (-12 - (6 - (20 - 6))).
11
Calculate (-67 - (-46 + 18)) + 24.
-15
Calculate 21 + (21 + -21 - -8) + 15.
44
Calculate (13 + 17 - 12) + (15 + -17 - -2) + 6.
24
What is the value of (4 - 34) + -214 + 238 + (-1 - -11)?
4
What is -85 + (-29 - 33) + 77?
-70
Calculate 43 + (-32 - 64) + 44.
-9
What is -100 + 105 - -87 - 101?
-9
What is (-14 - -27) + 2 + 11 - 4 - 10?
12
What is 2 - 20 - ((-4 + 21 - 19) + -8)?
-8
Calculate 77 + (2 - 2) + (3571 - 3585).
63
33 - (31 + -55 + 16 + -45)
86
12 + -121 - (-410 - -352)
-51
28 - (6 - ((18 - -2) + -17))
25
37 + 47 + (-37 - -30)
77
(7 - (-63 - (2 - (8 + 6)))) + -14
44
What is the value of (-9 + 89 - 125) + 1 + 1?
-43
Evaluate 78 + -2 - (-2 + 0) - (27 + -37 + 9).
79
Evaluate 28 + -12 + (-1 + -13 - (-91 - -69)).
24
Evaluate 10 + -102 - (107 + -129).
-70
Evaluate 9 + (-2 + (-32 - -32 - (2 + -10)) - 29).
-14
Calculate -2 + 31 - (2760 + -2746).
15
Calculate -96 - (-55 + 17) - -97.
39
(1 + (15 - 12) - 5) + -8 - (-1 + 20)
-28
What is the value of -88 + (-5 - -22 - (2 + -2 + 52 + -44))?
-79
What is the value of (-8 - (3 + -15)) + -39 - (-32 + 27)?
-30
Evaluate -4 + 6 - (-17 + 71) - (-9 + 22).
-65
(-13 - 4) + (18 + -15 - 0) + 71
57
What is -7 - (6 - 3) - (-93 + 81) - 57?
-55
Evaluate 8 - (-4 - (9 + -21) - (2 - 0 - 5)).
-3
Calculate -48 + -93 - -86 - -6.
-49
Calculate 8 + -1 + 9 + -1 + (227 - 257).
-15
Calculate 18 - ((-11 + 1 - -17) + 51).
-40
5 + 24 + (36 - (65 - 51))
51
27 - (-20 + -27 + 33 + 0)
41
What is -7 + -6 - ((-2 - (-4 + 7)) + -21) - -4?
17
49 + (34 - -50) + -79
54
What is the value of -73 + 7 - (-917 + 885)?
-34
Evaluate (-41 + 120 - 85) + -50.
-56
Calculate 14 - ((-12 - 7) + -5).
38
What is the value of 3 + -12 + 1 - (-7 - 8)?
7
Evaluate 7 - 7 - (33 - (-59 - -37 - -52)).
-3
What is the value of -63 - ((4 - 5) + -39)?
-23
Evaluate -25 + (-6 + 11 - 5) + (5 - 14).
-34
What is (-2 - (3 - -4)) + 1 + (-13 - 12 - -5)?
-28
-7 + -10 + -29 + 7
-39
What is 46 + (7 - (14 + -7)) + 7 + -18?
35
What is -7 + -8 - ((17 - (9 - -10)) + (0 - 1))?
-12
Calculate -13 + (-10 - -16) + -34 - (1 - (-3 - -16)).
-29
What is the value of -32 - (-131 - -73) - ((0 - 1 - -2) + 7)?
18
What is 0 - 22 - (1441 + -1477) - -48?
62
Evaluate (37 - (65 + -45)) + (2 - 36).
-17
What is (-15 - 0) + 0 + 28 + -7 - -21?
27
(-248 - -157) + 12 + -2 + 3 + -14
-92
-9 + -5 + 1 + 156 + 4 + -284
-137
(-4 - -3 - (212 + -184)) + 26
-3
Evaluate (-2 - (3 - -24 - 19)) + -22.
-32
What is (43 - (2 + -6 + 1)) + -826 + 837?
57
144 + -105 + -21 - (-80 + -3 + 6)
95
What is -67 - (11 - 6) - (15 + 9 + -3 + -16)?
-77
Calculate -1 + 2 - (-13 + 20 + -22 - (-41 - -5)).
-20
(-56 + 26 - -50) + -8
12
Evaluate 41 - ((129 - 40) + -5).
-43
12 + (35 - 84) - (-3 - -27)
-61
13 + (3 - -2) + (-179 - -182)
21
What is 14 + (10 - 9) + 10 + -3?
22
-6 + (3 - 12) + (0 - 17)
-32
What is -89 + (594 - 608) + (-13 - 2)?
-118
Calculate (-2 + 13 - (1 + -9) - 8) + -45.
-34
What is the value of 9 + (31 + -45 - (-6 + -5) - (-1 - 41))?
48
-40 + -24 + (-8 - (-10 + 0) - (-1 + 5))
-66
What is the value of -22 + (40 + (-20 - 4) - (4 + -3))?
-7
Evaluate -8 - (-141 - (130 + -148 - (2 + 0))).
113
What is (-17 - 1) + -33 + -35 + (65 - 31)?
-52
Evaluate -36 + 0 + (6 - 3) - (5 - 2).
-36
2 - (-6 - -15 - (6 + -5 + 1))
-5
What is (128 + -21 - 19) + (11 - (31 + -1))?
69
(0 + -10 - (-162 - -159)) + -1 - -1
-7
Calculate 10 - (6 + (11 - 6 - 15) - -40).
-26
Evaluate 66 + 14 + (6 - 32) + (0 - -9).
63
Calculate -37 + (-56 + 63 - 1).
-31
What is (0 - -123 - 324) + 111?
-90
Evaluate (-41 - (-41 + 8)) + -16.
-24
What is the value of 79 + -85 + 27 - (-6 + -81)?
108
Evaluate 2 + (34 - -7) + (5 - (1 + 1)).
46
What is the value of -167 - (-56 - 58) - -22?
-31
Calculate 51 + -1 + 3 + -1 - ((102 - 29) + -85).
64
Calculate -10 + (47 + (-13 - -1) - (-7 + (-5 - -3))).
34
Calculate (5 - 14 - -23) + (23 - (1 + -5)).
41
1 - 30 - (28 - (371 - 198))
116
What is the value of (11 - 21) + (34 - (10 - 5)) + 10?
29
What is the value of -68 - (-12 + 39 + -19 - 26)?
-50
Evaluate 4 + -26 + -9 + 6 + -138 + 129.
-34
Evaluate (-26 - -3) + 1 + (-6 - -10 - (1 + 5)).
-24
Calculate -2928 - -2922 - (2 - 0 - -5) - 94.
-107
What is the value of (118 - 128) + (-6 - -5) + (84 - -14)?
87
Calculate -34 - (-1 + 4 + -8 + 10 + -11).
-28
What is 71 + (35 - 30) + -37?
39
Evaluate (24 - (-11 + (22 - -3))) + (0 - (46 - -3)).
-39
Evaluate 42 - (-12 - 4 - 7) - 18.
47
What is -11 - (1 + 0 + 14 + -26 + (40 - 22))?
-18
What is the value of 12 + 17 + 2 + -66?
-35
6 + (-67 - (-24 - 1))
-36
What is (0 + 5 - (-314 + 328)) + (0 - (-27 - 2))?
20
Evaluate (-12 - ((-5 - -19) + -17 + -10)) + -51.
-50
What is -4 + (2 - -1) + (-88 - 1) + -338 + 330?
-98
Calculate -7 - 1 - (18 - ((-6 - -11) + -37)).
-58
62 - 56 - (0 + -4) - (-57 - (3 + -4))
66
Evaluate (24 - (46 - 2)) + 13.
-7
(-71 - (54 - 122)) + (0 - 62) + 1
-64
Evaluate 9 - ((14 - 41) + 8 + (-6 - -16) - -53).
-35
What is the value of -3 + 36 - (2 - (-39 + 23 - -19))?
34
Evaluate -2 - -22 - (-16 - -15) - (-5 - (-3 - -11)).
34
What is 6 + 3 + -3 + 1 + 124 + -29 + 11?
113
Evaluate 3 + (3 - -11) + (-68 - (-9 + -26)).
-16
What is the value of 1 + -6 + 1 - (0 + (-44 - -26) + -35)?
49
Evaluate -1 + -3 + 2 - 4 - (222 - 215).
-13
(-62 - -4) + (925 - 842)
25
Calculate -28 - 32 - ((-2 - 38) + 17).
-37
Calculate 1 + -11 - (112 + -143 + 54).
-33
What is (-32 - -43) + (23 - (-32 - -16))?
50
Calculate (-171 - -39) + -245 + 361.
-16
Evaluate 15 + (-10 - 1 - (5 - (1 + 22 - -2))).
24
What is 3 + (-58 + 71 - 12) - (1 - -1)?
2
What is 384 + -384 + (-1 - -12) + (-3 - (9 + 2))?
-3
Calculate 75 + -43 + 3 + 0 + 9.
44
Calculate 4 - (-13 - (-21 + (8 - -17))).
21
Evaluate 0 + 3 - (-64 + 70 - 18).
15
Evaluate (-1 - 0) + 17 + (503 - 518) - (-6 + 2).
5
What is 1554 + -1600 + 0 + (1 - -16) - 9?
-38
What is -12 + -4 + 18 + -17 + (11 - 24)?
-28
What is (-2 - -21 - 4) + (-2 + 14 - (72 + -51))?
6
36 - (-36 - -144) - -24
-48
(-24 - -8) + 4 + 57
45
Calculate (143 - (28 + 99)) + (-114 - (-3 + 0)).
-95
Evaluate (7 - 4) + (-68 - 1) + (1414 - 1403) + 12.
-43
Evaluate 4 + -30 + (-56 - -67) - 29.
-44
What is the value of 0 - (-2 + -32 + 29 - -2)?
3
(27 - (-25 - -31)) + -37
-16
-1 + -11 + 1 - (1031 + -1032) - 19
-29
What is the value of (-10 - -14) + -4 + (9 - 2)?
7
Evaluate 1 + (-5 - (-10 - -14)) + 20 + 88.
100
What is the value of 1177 + -1171 - (24 + -3 + -1) - (3 + 13)?
-30
Calculate -7 + 75 + (-5 - (1 + 7) - -1).
56
What is the value of 56 + -208 + 4 - -75?
-73
Evaluate 113 + -130 - (6 - (61 - 8)).
30
What is -13 - -12 - (2 + -2 + 7 + (16 - 11))?
-13
What is the value of 2 + 61 + (-153 - (-103 + -54))?
67
18 + (11 - ((-25 - -18) + -5)) + -23
18
What is the value of -1 + 54 - (-359 - -470)?
-58
8 - (-24 - -25 - -14) - -13 - -111
117
42 + -88 + (-28 - -43)
-31
Calculate -50 + -54 + 8 + 57.
-39
What is -5 + -25 - ((12 - -15) + 3)?
-60
Evaluate -50 - (80 - 72 - (-1 + 20) - (-1 + -1)).
-41
What is 1 + 12 - (-17 + 129 + 5 + 7 + -26)?
-85
Evaluate -61 + (104 - 35) + -2 + -1 + -2.
3
What is 15 + 18 + -6 + -107 + 154?
74
Calculate 0 + 0 + 0 + 0 + -212 + (-259 - -500).
29
(-8 - 7 - (-7 + -32)) + -10
14
What is the value of 93 + (-113 - (-11 + -103))?
94
Calculate 573 + -575 - (13 - 39).
24
Calculate (-5 - (-3 - 76)) + (55 - (123 + -48)).
54
Calculate 54 + -70 + (4 - 9 - -13).
-8
What is (29 - (2 - -25) - 7 - 7) + 29 + -1?
16
-196 + 254 + -2 + -1 + -16
39
(-57 - (-8 - (2 - 1))) + -31 + 21
-58
Evaluate -141 + -33 + 78 + 15.
-81
-10 + (-5 - 37) + 17 - 19
-54
What is the value of (2 + (9 - 5) - -6) + (738 - 642)?
108
What is the value of (-2 - 0) + (-37 - (12 + -40) - -66)?
55
What is 0 + -2 - -2 - (1 + 6 + -12 + 5)?
0
-4 + 5 + (-53 - (22 + -14 - (-2 + 1)))
-61
(-42 - -1) + (-24 - (4 - 36) - 12)
-45
Evaluate -1117 + 1222 - (0 + 130).
-25
Calculate -10 - (-49 - -4 - 14) - 12.
37
What is (470 - 489) + (0 - -17) - (5 + 6)?
-13
What is -12 + (0 - 16) + (19 - 11) + -20?
-40
(73 + (26 - 7) - (-2 + 6 + -5)) + 7
100
What is (32 - -2) + (324 - 346) - 17?
-5
Evaluate (-97 - -142 - 89) + 32.
-12
-6 + 17 + 256 + -289 + (33 - 0)
11
Calculate 15 - (182 - (76 - -10)).
-81
What is the value of -23 - (50 + -42 + 21)?
-52
-9 - ((2 - -3) + -15) - 6 - (10 + -110)
95
What is -46 - 0 - (-6491 + 6443)?
2
Evaluate -62 - (19 - -45 - 86).
-40
193 + -213